60d (base 16) in base 12?
40379
What is 14ad5 (base 15) in base 6?
1232115
What is -9a377 (base 13) in base 14?
-73c92
Convert 53969 (base 12) to base 4.
122322201
What is 7f46c (base 16) in base 14?
d7db6
-10111011100110111011101 (base 2) to base 8
-27346735
What is 2779 (base 11) in base 6?
24351
What is 2087716 (base 11) in base 12?
1290113
What is -3717b (base 13) in base 6?
-2101045
1000100101001011010100 (base 2) to base 12
905904
11735746 (base 8) to base 9
4808020
What is -a0a8 (base 13) in base 2?
-101011001011100
Convert 40274 (base 9) to base 13.
c085
Convert 1151241501 (base 6) to base 13.
298061b
What is 14340432 (base 5) in base 13?
5460a
What is 1101011101001111110 (base 2) in base 16?
6ba7e
-44124002 (base 5) to base 3
-201022002112
Convert 15552234 (base 6) to base 14.
107a7c
Convert -12a297 (base 12) to base 7.
-2421631
253472 (base 8) to base 4
111130322
What is -14927 (base 11) in base 15?
-63a8
What is 122110201211 (base 3) in base 6?
11212034
Convert -207056 (base 9) to base 3.
-20021001220
-58a49 (base 14) to base 15
-4403c
414144 (base 8) to base 13
4a66a
Convert 112508 (base 12) to base 15.
561a2
-1620247 (base 9) to base 3
-1200200021121
-30a5571 (base 11) to base 7
-64323643
What is 2312322322 (base 4) in base 11?
471a0a
Convert -a436b (base 12) to base 13.
-769c1
2433002002 (base 5) to base 8
25736754
Convert -315b2b (base 12) to base 11.
-491160
What is e8dcd (base 15) in base 14?
1533a4
Convert 2833ab0 (base 12) to base 16.
7a8d64
Convert 1743057 (base 9) to base 13.
280cc9
342424055 (base 6) to base 8
27766243
-230235233 (base 6) to base 16
-406305
-465cdb (base 14) to base 7
-26245264
1011010101110111 (base 2) to base 7
252303
What is -12223204442 (base 5) in base 13?
-3065206
What is 543355 (base 6) in base 14?
124bd
Convert 5332b (base 13) to base 2.
100100100110110100
Convert 267a4 (base 16) to base 10.
157604
Convert -8587535 (base 9) to base 4.
-101210032001
What is 111010100110110110 (base 2) in base 12?
b6b06
Convert 334900 (base 10) to base 8.
1216064
453312404 (base 6) to base 9
16524514
What is 13600880 (base 9) in base 8?
31535022
-1689a1 (base 13) to base 15
-b1742
Convert -3197336 (base 11) to base 12.
-1a6a85a
What is -12202201112220 (base 3) in base 13?
-8341a4
Convert -10001001010000111101 (base 2) to base 3.
-1001120020121
4524042 (base 7) to base 2
10001000111011000011
What is 101111010000101111 (base 2) in base 9?
324482
8017a (base 11) to base 2
11100101001011000
What is -58897 (base 14) in base 16?
-34ab5
3313203133 (base 4) to base 9
1814827
Convert 45484 (base 12) to base 15.
1c50a
Convert -220212211 (base 3) to base 7.
-103612
-614602 (base 7) to base 2
-11001100111001111
Convert -1064266 (base 7) to base 15.
-2989d
Convert 1fcc2 (base 16) to base 14.
35670
What is 61ff6 (base 16) in base 15?
7dded
What is ceb5 (base 15) in base 7?
241520
Convert 173488 (base 9) to base 6.
2145555
Convert -1aa921a (base 12) to base 13.
-1246423
What is -1001111000000001 (base 2) in base 13?
-15546
-30205523 (base 7) to base 13
-699992
2112233321 (base 4) to base 11
391a02
What is -524034 (base 8) in base 9?
-284743
What is -21ad1e (base 15) in base 3?
-10000121010102
What is -880a4 (base 11) in base 12?
-62016
What is -312067 (base 10) in base 8?
-1141403
-556baa (base 13) to base 14
-3a61b5
What is 110010011001010101000 (base 2) in base 9?
3086223
Convert 3416a (base 14) to base 12.
6126a
-11010000100111010111 (base 2) to base 6
-30151543
Convert -8b136 (base 15) to base 9.
-743766
What is 31200000303 (base 4) in base 11?
1aa7999
Convert 86990 (base 11) to base 10.
126302
-520514 (base 7) to base 14
-2467b
-1dd3 (base 15) to base 9
-8820
Convert -4331444 (base 6) to base 15.
-4371d
What is -1000100111110110011 (base 2) in base 7?
-2254516
101033120321 (base 4) to base 8
21173071
What is -3374 (base 10) in base 6?
-23342
What is -24032044 (base 5) in base 13?
-79713
Convert -25250540 (base 9) to base 13.
-27435a8
What is -833008 (base 12) in base 10?
-2058056
What is -100011000101101110 (base 2) in base 14?
-3a542
Convert -66a3b5 (base 16) to base 2.
-11001101010001110110101
-3010044340 (base 5) to base 10
-5940595
Convert 38734 (base 12) to base 9.
126654
221101120210 (base 3) to base 10
499791
Convert 12061320 (base 8) to base 13.
718921
What is 11010010011001110100 (base 2) in base 14?
186100
Convert -10265400 (base 7) to base 12.
-361596
What is -2566707 (base 8) in base 15?
-e233b
Convert 445d33 (base 16) to base 12.
160092b
130b583 (base 13) to base 11
3405221
-44132334 (base 5) to base 4
-1130312320
What is -13470034 (base 8) in base 3?
-12201121200220
Convert 257268 (base 9) to base 3.
21221022022
Convert -223110333 (base 4) to base 3.
-100000110000
What is -10011001011100100101111 (base 2) in base 3?
-100110110022112
-13425635 (base 7) to base 15
-19a805
-1303412 (base 7) to base 5
-20404204
What is -59190 (base 10) in base 13?
-20c31
What is 1111010001101100010111 (base 2) in base 7?
46016211
What is 423536 (base 9) in base 11?
16231a
What is -12524155 (base 7) in base 16?
-1188d3
Convert 3412311 (base 5) to base 13.
215cb
Convert 1aa2ba7 (base 13) to base 10.
8831739
Convert -12032 (base 12) to base 6.
-304102
55362 (base 13) to base 16
25b09
What is -31020331 (base 4) in base 5?
-3210241
2104201 (base 5) to base 9
52816
Convert -15a29cd (base 15) to base 14.
-212a7ca
What is 462bc (base 13) in base 8?
371657
-3234403 (base 6) to base 14
-42667
What is -5222032 (base 7) in base 15?
-c5d4a
What is -2321440021 (base 5) in base 2?
-10100000101011001110011
100101101110111000110000 (base 2) to base 8
45567060
What is 1211111212010 (base 3) in base 8?
3557350
-1020541 (base 6) to base 5
-3040303
-31431641 (base 8) to base 13
-1506863
-2a99d (base 15) to base 14
-37dc1
What is -222112022222 (base 3) in base 4?
-1333133132
Convert 111346 (base 9) to base 11.
46068
-2057565 (base 9) to base 15
-16b46e
Convert 182805 (base 9) to base 10.
113648
b28632 (base 13) to base 9
7740365
What is -30232001302 (base 4) in base 16?
-32e072
What is -1010020211000 (base 3) in base 8?
-2213002
What is 4aa9130 (base 11) in base 6?
513444425
Convert -1080472 (base 14) to base 3.
-112202012100222
What is -100100000111001110 (base 2) in base 3?
-21111220110
350334 (base 9) to base 13
748c3
-3336342 (base 11) to base 7
-100503562
-101001001111000010110 (base 2) to base 8
-5117026
34867 (base 12) to base 6
1301411
What is -b8c075 (base 13) in base 11?
-24a40a1
What is 1032210013 (base 6) in base 14?
1670b8d
2aeb7 (base 15) to base 9
230661
What is -de3b8 (base 16) in base 3?
-1201020122111
3515223 (base 6) to base 7
1353414
What is c640c4 (base 13) in base 14?
88962a
-6882702 (base 11) to base 14
-1855269
150036 (base 10) to base 11
a27a7
-228860 (base 12) to base 8
-2072310
Convert e96a77 (base 15) to base 8.
52302157
What is 102012101110 (base 3) in base 13?
7944c
-2001430 (base 7) to base 15
-49d3d
2242121140 (base 5) to base 9
10424727
Convert 286166 (base 12) to base 7.
5505300
What is -120311022 (base 4) in base 8?
-306512
-651c21 (base 15) to base 2
-10010010111101001111001
What is -327468 (base 16) in base 4?
-30213101220
What is a9779 (base 15) in base 12?
21b636
What is 144401503 (base 6) in base 10?
3017487
What is -1475d0 (base 16) in base 8?
-5072720
462d9 (base 14) to base 6
3354155
What is 113223421 (base 5) in base 3?
222121021000
What is 13313331221 (base 4) in base 6?
112124345
-631492 (base 10) to base 11
-3a14a4
What is 110000101010100111 (base 2) in base 9?
333383
Convert 121303230121 (base 4) to base 5.
3212442322
-31023210 (base 5) to base 7
-2065522
Convert -49bba8 (base 16) to base 15.
-656b48
Convert -21c57c (base 14) to base 13.
-312750
Convert -67aab9 (base 12) to base 3.
-10010011222120
Convert -a55585 (base 16) to base 12.
-3766545
Convert 241810 (base 10) to base 12.
b7b2a
What is 1162662 (base 8) in base 12?
135896
Convert 6b47bb (base 13) to base 14.
4a6098
Convert -24692 (base 10) to base 12.
-12358
What is 1c617 (base 14) in base 12?
35b91
Convert -1111133031 (base 4) to base 8.
-1253715
Convert 501313 (base 6) to base 10.
39213
726286 (base 14) to base 5
1441433244
10201002111 (base 3) to base 9
121074
What is -11211020121101 (base 3) in base 10?
-2563606
Convert 6a585 (base 11) to ba